True
Is 54765 a multiple of 18?
False
Is 13827 a multiple of 11?
True
Is 80 a factor of 4621?
False
Does 46 divide 3330?
False
Is 32 a factor of 10464?
True
Does 26 divide 316?
False
Does 15 divide 1440?
True
Does 7 divide 3661?
True
Is 3 a factor of 312?
True
Is 19 a factor of 19510?
False
Is 741 a multiple of 49?
False
Does 17 divide 125?
False
Does 13 divide 143?
True
Is 3 a factor of 49?
False
Is 4280 a multiple of 40?
True
Is 57 a multiple of 3?
True
Is 23 a factor of 28497?
True
Is 1109 a multiple of 12?
False
Is 672 a multiple of 16?
True
Does 11 divide 31940?
False
Does 179 divide 52089?
True
Does 12 divide 2376?
True
Is 4 a factor of 1720?
True
Is 39 a factor of 674?
False
Is 64 a factor of 512?
True
Does 31 divide 768?
False
Is 44672 a multiple of 94?
False
Is 68482 a multiple of 128?
False
Does 46 divide 874?
True
Is 14 a factor of 574?
True
Is 181 a factor of 39978?
False
Is 51 a factor of 26353?
False
Is 45 a factor of 810?
True
Is 850 a multiple of 10?
True
Does 232 divide 19488?
True
Does 3 divide 1476?
True
Does 5 divide 415?
True
Is 5 a factor of 1060?
True
Is 33 a factor of 33?
True
Is 136 a factor of 8024?
True
Does 8 divide 4425?
False
Is 22 a factor of 2332?
True
Does 44 divide 22836?
True
Does 57 divide 3649?
False
Is 23 a factor of 1564?
True
Does 103 divide 40582?
True
Is 10932 a multiple of 113?
False
Does 56 divide 40980?
False
Is 5482 a multiple of 9?
False
Is 6 a factor of 24580?
False
Is 24 a factor of 40878?
False
Does 54 divide 86404?
False
Is 1551 a multiple of 47?
True
Does 68 divide 4216?
True
Is 33 a factor of 164?
False
Does 37 divide 8103?
True
Is 3348 a multiple of 54?
True
Does 87 divide 115101?
True
Is 41167 a multiple of 7?
True
Is 515 a multiple of 103?
True
Is 17 a factor of 1275?
True
Is 35 a factor of 6545?
True
Is 2 a factor of 33?
False
Does 21 divide 17565?
False
Is 2946 a multiple of 9?
False
Is 235 a multiple of 5?
True
Does 56 divide 1875?
False
Is 6260 a multiple of 11?
False
Does 12 divide 10164?
True
Does 45 divide 12330?
True
Is 3 a factor of 126?
True
Is 17773 a multiple of 119?
False
Is 15650 a multiple of 43?
False
Is 3741 a multiple of 29?
True
Is 3930 a multiple of 5?
True
Is 3 a factor of 81?
True
Is 22204 a multiple of 58?
False
Does 24 divide 384?
True
Does 8 divide 24?
True
Does 12 divide 13378?
False
Is 6621 a multiple of 39?
False
Is 1072 a multiple of 9?
False
Is 130 a multiple of 26?
True
Is 6 a factor of 2334?
True
Is 7980 a multiple of 28?
True
Is 9 a factor of 541?
False
Is 85 a factor of 3542?
False
Does 226 divide 12090?
False
Is 41 a factor of 943?
True
Does 28 divide 1400?
True
Is 12 a factor of 1975?
False
Does 3 divide 32480?
False
Does 24 divide 28285?
False
Is 2250 a multiple of 250?
True
Is 1271 a multiple of 98?
False
Is 99 a multiple of 35?
False
Is 515 a multiple of 35?
False
Does 29 divide 986?
True
Does 153 divide 21726?
True
Does 54 divide 702?
True
Does 27 divide 24948?
True
Does 36 divide 108?
True
Is 31 a factor of 1282?
False
Is 836 a multiple of 76?
True
Is 104 a multiple of 4?
True
Is 142 a factor of 8520?
True
Is 47 a multiple of 2?
False
Does 7 divide 1143?
False
Does 37 divide 5772?
True
Is 42 a factor of 6132?
True
Is 57 a factor of 20811?
False
Is 5763 a multiple of 17?
True
Is 3 a factor of 521?
False
Does 4 divide 1116?
True
Is 90 a factor of 1465?
False
Is 548 a multiple of 137?
True
Is 8 a factor of 84?
False
Is 12 a factor of 510?
False
Is 6240 a multiple of 26?
True
Is 945 a multiple of 63?
True
Is 273 a factor of 24024?
True
Does 12 divide 2968?
False
Is 7392 a multiple of 11?
True
Is 13 a factor of 1482?
True
Is 3 a factor of 539?
False
Is 198 a multiple of 99?
True
Is 135 a multiple of 45?
True
Is 70 a factor of 1391?
False
Is 4333 a multiple of 89?
False
Is 12 a factor of 199?
False
Is 39 a factor of 2350?
False
Is 12 a factor of 1190?
False
Is 7072 a multiple of 68?
True
Is 5114 a multiple of 107?
False
Is 23173 a multiple of 18?
False
Is 392 a multiple of 6?
False
Is 25 a factor of 1350?
True
Is 142275 a multiple of 307?
False
Is 26 a factor of 273?
False
Does 30 divide 330?
True
Is 8 a factor of 144?
True
Is 4149 a multiple of 19?
False
Is 13 a factor of 130?
True
Is 438 a multiple of 2?
True
Does 95 divide 950?
True
Does 233 divide 15378?
True
Is 7 a factor of 84?
True
Is 83 a factor of 2739?
True
Is 10459 a multiple of 40?
False
Does 11 divide 558?
False
Does 16 divide 27747?
False
Is 6840 a multiple of 152?
True
Is 16 a factor of 844?
False
Is 2930 a multiple of 22?
False
Is 1466 a multiple of 9?
False
Is 39 a factor of 819?
True
Is 105 a multiple of 7?
True
Does 40 divide 560?
True
Is 28392 a multiple of 14?
True
Is 5 a factor of 665?
True
Does 39 divide 3393?
True
Is 26 a factor of 5122?
True
Is 93 a multiple of 4?
False
Does 4 divide 124?
True
Is 1649 even?
False
Is 4750 a multiple of 5?
True
Does 47 divide 708?
False
Is 31 a factor of 1705?
True
Is 16 a factor of 2900?
False
Is 93 a factor of 13764?
True
Is 13947 a multiple of 181?
False
Is 14 a factor of 686?
True
Is 170 a multiple of 3?
False
Is 26708 a multiple of 21?
False
Is 14 a factor of 1743?
False
Is 11 a factor of 1793?
True
Is 25 a factor of 2791?
False
Is 95930 a multiple of 12?
False
Is 19 a factor of 14612?
False
Is 920 a multiple of 20?
True
Is 2760 a multiple of 69?
True
Is 408 a multiple of 24?
True
Does 6 divide 147?
False
Does 14 divide 1112?
False
Is 3 a factor of 1131?
True
Is 46 even?
True
Does 2 divide 88?
True
Does 54 divide 4212?
True
Is 17 a factor of 4430?
False
Does 6 divide 100?
False
Is 2 a factor of 5045?
False
Does 68 divide 748?
True
Is 49 a factor of 7947?
False
Is 21 a factor of 1533?
True
Is 15 a factor of 4515?
True
Is 397 a multiple of 35?
False
Is 33 a factor of 5808?
True
Is 57 a factor of 960?
False
Does 4 divide 152?
True
Is 4853 a multiple of 9?
False
Is 30 a factor of 420?
True
Is 87 a factor of 79017?
False
Is 503 a multiple of 51?
False
Is 240 a multiple of 42?
False
Is 1528 a multiple of 17?
False
Is 14 a factor of 238?
True
Is 3637 a multiple of 67?
False
Is 787 a multiple of 6?
False
Does 5 divide 1042?
False
Is 797 even?
False
Does 157 divide 20096?
True
Does 20 divide 313?
False
Is 11444 a multiple of 5?
False
Is 14 a factor of 40856?
False
Is 31 a factor of 2330?
False
Is 4066 a multiple of 7?
False
Does 15 divide 7215?
True
Is 3055 a multiple of 13?
True
Does 7 divide 488?
False
Does 51 divide 4662?
False
Is 1452 a multiple of 11?
True
Is 6058 a multiple of 92?
False
Does 15 divide 7484?
False
Does 14 divide 6261?
False
Does 12 divide 14121?
False
Is 125692 a multiple of 92?
False
Does 27 divide 594?
True
Is 30 a factor of 90?
True
Does 45 divide 540?
True
Does 41 divide 41?
True
Does 239 divide 19547?
False
Is 14 a factor of 364?
True
Is 14 a factor of 644?
True
Does 13 divide 9154?
False
Is 169 a factor of 92274?
True
Is 16885 a multiple of 11?
True
Does 19 divide 7657?
True
Is 73 a factor of 1095?
True
Does 5 divide 463?
False
Is 1150 a multiple of 10?
True
Is 2 a factor of 426?
True
Is 56 a factor of 4842?
False
Does 8 divide 344?
True
Does 12 divide 1010?
False
Is 41 a factor of 656?
True
Is 1283 a multiple of 11?
False
Is 23 a factor of 3153?
False
Does 31 divide 31?
True
Is 13062 a multiple of 14?
True
Is 5 a factor of 90?
True
Is 104 a factor of 2392?
True
Does 365 divide 59174?
False
Is 106859 a multiple of 56?
False
Is 7 a factor of 5000?
False
Is 3 a factor of 3?
True
Is 121 a factor of 27225?
True
Is 73 a factor of 173?
False
Is 281 a multiple of 52?
False
Is 11 a factor of 995?
False
Is 34 a factor of 31280?
True
Does 70 divide 6626?
False
Does 5 divide 44540?
True
Is 19 a factor of 6025?
False
Is 31985 a multiple of 26?
False
Is 497 a multiple of 53?
False
Is 5200 a multiple of 59?
False
Is 7 a factor of 1246?
True
Is 19 a factor of 49704?
True
Does 49 divide 3136?
True
Is 22 a factor of 572?
True
Is 41 a multiple of 26?
False
Is 1209 a multiple of 39?
True
Is 1410 a multiple of 2?
True
Is 186 a multiple of 62?
True
Does 20 divide 3040?
True
Is 5 a factor of 340?
True
Is 21 a factor of 665?
False
Is 30270 a multiple of 10?
True
Does 63 divide 2835?
True
Does 11 divide 25047?
True
Is 29404 a multiple of 55?
False
Does 13 divide 11740?
False
Does 8 divide 457?
False
Is 20 a factor of 538?
False
Does 44 divide 